 y?
0
Suppose 8 = -4*i + 2*i. Let t(o) = -o**3 - 2*o**2 + 2*o - 5. What is the units digit of t(i)?
9
Suppose -2*x + 37 = -3*x. Let z = 56 + x. What is the tens digit of z?
1
Suppose 2*l + y = -0*l + 46, 5*l - 5*y - 85 = 0. What is the units digit of l?
1
Let b = 7 + -7. Let x(n) = n**3 - n**2 - n + 5. Let z be x(0). Suppose z*k - k - 12 = b. What is the units digit of k?
3
Suppose -1 = z - 4. Let b = 12 + z. What is the units digit of b?
5
Suppose -4*r = -r + 6. Let l = -3 - r. What is the units digit of l + 0 + (-4)/(-2)?
1
Suppose 0*p = p. Suppose p = -0*b + b - 9. Let g = 0 + b. What is the units digit of g?
9
Let o(p) = 8*p**2 - 2*p + 8. Let j be (-4)/(-6)*(-15)/(-2). Let t(n) = 15*n**2 - 3*n + 15. Let z(g) = j*t(g) - 9*o(g). What is the units digit of z(-2)?
9
Suppose -4*c + 11 = -q - 2, -5 = 5*c + 3*q. Let p = -23 + 48. Suppose p = c*k - 5. What is the tens digit of k?
1
Let t = -23 + 16. What is the units digit of 2/t - (-102)/14?
7
Suppose 2*v = 4*v - 5*c + 922, 5*c - 2320 = 5*v. What is the tens digit of v/(-12) - (-1)/6?
3
Suppose 2 + 4 = 2*b. Suppose -8 = b*n - x, n + n = 2*x. Let s = n + 13. What is the units digit of s?
9
Let z be (2 - -13)*(-9 - -10). Suppose -4*v + 28 = 2*w + 2*w, 3*w - z = 3*v. What is the units digit of w?
6
Suppose 697 = -2*o + 4*o + y, -5*o - 5*y = -1750. What is the tens digit of o?
4
What is the units digit of (43 - (-2)/(-1))/1?
1
Suppose -4 = 2*l, 5*n = 4*n - 4*l. What is the units digit of n?
8
What is the units digit of (-10)/(-4 - 150/(-39))?
5
Suppose 4*u + 3*k = 651, -u - 5*k - 770 = -6*u. What is the units digit of u?
9
Let y = 1 - -2. Let p = -11 + -7. What is the units digit of 2*(-15)/p*y?
5
Let n be 3/(-6) + 3/2. Let z(s) = 6*s**3 + s**2 - s. Let w be z(n). Let q(x) = 3*x - 3. What is the units digit of q(w)?
5
Suppose -2*j + 180 = 3*j. What is the tens digit of j?
3
Let p(x) = -x**2 + 9*x - 4. Suppose 0 = -3*r + 9 + 6. What is the units digit of p(r)?
6
Let n(r) = 6*r - 1. Let s(u) = -13*u + 2. Let w(x) = 5*n(x) + 3*s(x). What is the tens digit of w(-1)?
1
Let v = -1 - -5. Suppose p = -k + v, -p = 5*k + 2*p - 16. What is the units digit of k?
2
Let h(y) = y**3 - 4*y**2 - 6*y + 5. Let i be h(5). What is the units digit of (i + 4)/((-2)/(-5))?
0
Let c(m) = -m**3 + 3*m**2 + 4*m + 5. Let d be c(4). Let a be 1*(-26)/3*-3. Suppose -4*w = 2*p - 30, -3*w = d*p - 3*p - a. What is the units digit of p?
7
Let d be -2 - (41 - (-3 - -6)). Let i = -13 - d. What is the tens digit of i?
2
Let l = -48 + 74. What is the tens digit of l?
2
Let s(u) = -u**3 + 6*u**2 - 5*u + 5. Let a(v) = -v**2 - 12*v - 6. Let g be a(-11). What is the units digit of s(g)?
5
Suppose 3*b + 1 = -5*u, -4*b = 4*u - 3*u - 27. Let y be (-4)/(b/6) - -5. Suppose -f - 2*a = -y*f + 16, 3*f = a + 48. What is the tens digit of f?
1
Suppose -5*z + 120 = 4*x, 0*x + x + 4*z - 30 = 0. Let c be -1 - -2 - (1 - x). Let f = c + -14. What is the tens digit of f?
1
Let x(r) = -r - r + 0*r - 1 + r. What is the units digit of x(-4)?
3
Let q be -2 + 0 + 1 + -23. Let v = -20 - q. What is the units digit of v?
4
Let m = -16 - -11. Let l = 6 + m. What is the units digit of l?
1
What is the tens digit of (-13)/(120/(-39) - -3)?
6
Suppose -2*k + 763 = 5*k. What is the tens digit of k?
0
Let y = 33 + -9. What is the units digit of y?
4
Let k(c) = 29*c - 1. Let i = -3 + 4. What is the units digit of k(i)?
8
Suppose -2*p = 5*k - 5*p - 13, -4*p + 2 = 3*k. What is the units digit of -1 - 1/k*-6?
2
Let r be 1/((-1)/2*1). Let s(t) = t**2. Let g be s(r). What is the units digit of (-6)/g*(-8)/6?
2
Let p(k) = 6*k**2 - k - 1. Let i(j) = j**3 - 8*j**2 - j + 7. Let r be i(8). What is the units digit of p(r)?
6
Let s be (-3)/3*0 - -1. Suppose 0 = -3*m - 5 + 14. What is the units digit of (3 - s)/(m/6)?
4
Let z(h) = h**2 - 6*h - 8. Let j be z(9). Let r = -13 + j. Suppose -2*p + 3*d = r*d + 13, 0 = 4*p - 2*d - 14. What is the units digit of p?
1
Suppose -s - 4*s - 10 = 5*x, -25 = 2*s - 5*x. Let i(n) = n**3 + 5*n**2 - 2*n + 2. Let k be i(s). Suppose 2*w - 5*w + k = 0. What is the units digit of w?
4
What is the units digit of 6/(-2)*(-209)/19?
3
What is the hundreds digit of (-420)/(-3) + 4/(8/(-4))?
1
Let s(f) = 11*f**2 + 4*f - 3. What is the tens digit of s(1)?
1
Suppose -3*i + 15 = 2*i. Let b = i + -5. Let r = b + 8. What is the units digit of r?
6
Let y = 21 + 18. What is the tens digit of y?
3
Let z = 5 - 3. Let w(i) = -2*i + 5*i**2 - z*i + 3*i - 1 - 4*i**2. What is the units digit of w(-3)?
1
Let t be (-416)/(-20) + 2/10. Suppose -t = -4*z + 11. Let n = -5 + z. What is the units digit of n?
3
Suppose 10*u - 1436 - 174 = 0. What is the tens digit of u?
6
What is the units digit of 6/14 + (-22425)/(-105)?
4
Let r be 8/6*18/4. Suppose r*t = t + 10. Suppose 3 = x - t*l, -2*l + 36 = 2*x - 0*l. What is the units digit of x?
3
What is the tens digit of -4*(-2)/8 + 38?
3
Suppose -25 = x - 0*x - 5*w, -3*w + 15 = -x. Suppose -5*f + 31 - 6 = x. Suppose 2*t - 25 = -f*o, -t + 2 = o - 0. What is the units digit of o?
7
What is the units digit of 9*(-3)/18*-4?
6
Let m(u) = -u**3 + 8*u**2 + 12*u + 8. Let i(l) = 9*l**3 + l**2 - 1. Let p be i(1). What is the units digit of m(p)?
5
Suppose 3*i = -1 + 7. Let x(q) = q**2 - 2*q + 3. What is the units digit of x(i)?
3
Suppose 13*p + 5*m - 474 = 10*p, 4*p + 5*m = 632. What is the hundreds digit of p?
1
Suppose 0 = c + 3 - 7. Suppose -2*h = -c*h. What is the units digit of ((-1 - h) + 2)*9?
9
Suppose 5*f - 15 = q + 2, q - 7 = -f. Let u = -73 + 73. Suppose 0 = -q*t - u*t + 60. What is the units digit of t?
0
Let n = -39 - -20. Let g = n + 60. What is the units digit of g?
1
Suppose 0 = 5*c - 4*b - 10 - 11, 0 = -c - 4*b + 9. Let z(i) = -9 - 8*i**2 - i**3 - 4*i - 1 - c*i. What is the units digit of z(-7)?
4
Suppose 4*u - 750 = -150. What is the hundreds digit of u?
1
Let p(t) = 10*t**2 + 3*t + 1. What is the units digit of p(-2)?
5
Let h be (54/(-36))/((-6)/(-32)). Let v = h - -18. What is the tens digit of v?
1
What is the units digit of (2 - 12)/((-2)/4)?
0
Let y = 32 + -9. What is the tens digit of y?
2
Let l(t) = t**2 + t + 2. Suppose 4*m - 12 = 8*m. What is the units digit of l(m)?
8
Let s(x) = -x**2 - 31*x + 69. What is the units digit of s(-24)?
7
Suppose c + 8*c - 918 = 0. What is the hundreds digit of c?
1
Suppose -c + 116 = 3*c. Suppose -2*v + 7*v - 2*f = c, 4*f - 47 = -5*v. What is the units digit of v?
7
What is the units digit of -2 + 26 - (-2 + 3)?
3
What is the units digit of 2/(-4)*(-1 + (-1 - 4))?
3
Suppose 0*f = 3*t - 5*f - 358, 5*f + 247 = 2*t. What is the hundreds digit of t?
1
Let s(d) = -d**2 + 5*d + 2. Let u(v) = v**3 + 4*v**2 + 3*v + 3. Let p be u(-3). Let g = 0 + p. What is the units digit of s(g)?
8
Let u(m) = m**3 + 14*m**2 + 13*m + 4. What is the units digit of u(-13)?
4
What is the units digit of (-30)/(-4)*10/15?
5
Let n(f) = -f + 11. Let x be n(8). What is the tens digit of x/15 - (-282)/15?
1
Let u(k) = -1. Let t(b) = b + 2. Let s(m) = -t(m) - 3*u(m). What is the units digit of s(-4)?
5
Let z(l) = -12*l + 7. What is the tens digit of z(-5)?
6
Let l be (-2)/3 + 1345/15. Suppose 2*x + 35 = l. What is the units digit of x?
7
Suppose -p = -326 + 82. What is the hundreds digit of p?
2
Suppose -4*o + 423 = 3*g, -2*o + o + 2*g + 114 = 0. What is the units digit of o?
8
Let p = 5 + -8. Let i be 18/8*(-8)/p. Suppose 4*t = -i + 38. What is the units digit of t?
8
Suppose 2*l = 0, -t - 2*l + 45 = -0*l. What is the tens digit of t?
4
Let o(w) = -9*w + 6. Let z be o(-6). Let d = -34 + z. What is the units digit of d?
6
Let x(o) = o**3 - o**2 - 5*o + 3. What is the tens digit of x(4)?
3
Let z(j) = -2*j**3 - j - 3 - j**2 + 0*j + 10 + j**3. What is the units digit of z(0)?
7
Let h be 10/14 + (-2)/(-7). Suppose -4*b = -h - 15. Suppose 0 = 2*r + b*q - 3 - 1, 2*q - 10 = -3*r. What is the units digit of r?
4
Let a = 11 - 8. Suppose 8 = a*c - 31. What is the units digit of c?
3
Suppose b - 5*n = 12, -12 = -5*b - 4*n + 193. What is the tens digit of b?
3
Suppose 0 = -2*b + 4 + 32. What is the units digit of b?
8
Let q = 19 - 54. What is the units digit of 5/15 + q/(-3)?
2
Let s(g) = 7*g**2 - 3*g - 9. What is the hundreds digit of s(-4)?
1
Let n(v) = -3*v - 5. Let h(t) = -t**2 + 4*t. Let c be h(5). What is the tens digit of n(c)?
1
S